 7) + 9 - -7).
-5
(0 - (-2 + 7)) + -1 - (4 + -9)
-1
Calculate -23 + -1 + (25 - (36 + -13)).
-22
What is (0 - 8) + 0 + 0 + 12?
4
-40 - (8 + (4 - 9) + -14)
-29
What is (-10 - (0 + -11 + 23)) + 1?
-21
Calculate (3 - (-10 + 12)) + -2 + -1 - 31.
-33
What is the value of 5 - ((9 + -15 - -17) + -11)?
5
Evaluate -20 - (0 + (-12 - 6)).
-2
Evaluate -10 + (7 - (-4 - -2)).
-1
What is the value of 1 - 0 - (-124 - -117) - (-2 - -15)?
-5
8 + (8 - (-4 + 6)) + -8 + 8
14
What is the value of 3 + (-1 - -3) + 1 + 3?
9
Evaluate -2 + (-4 - (-2 - -6 - (-3 - -10))).
-3
Evaluate 0 + 11 - (-1405 - -1397).
19
What is the value of 8 + (4 + -13 - -17) + -8?
8
(-28 - -30) + (5 - 0 - -3)
10
What is 14 + 10 + (-16 - -4)?
12
Calculate -2 + -3 + 2 - (96 - 87).
-12
What is the value of -1 - (2 + 4) - (10 + -34)?
17
Evaluate (-16 + 7 + -10 - -10) + 20.
11
Calculate 1 + (-5 - -4) - (3 + -6).
3
12 + (1 + 5 + 1 - (636 + -635))
18
Calculate -24 + (-29 - 3 - -45).
-11
(16 - -1) + (455 - 479)
-7
Evaluate -9 - -2 - (-2 + -2 - (2 - 6)).
-7
Evaluate 17 + (45 + -88 - -3).
-23
What is 0 + 2 + -1 + -4 + 277 + -274?
0
What is the value of -18 - (-13 - (-15 + (-2 - -16)))?
-6
Calculate 2 + 2 + -2 - (170 - 164).
-4
6 - (-1 + 15 + -14)
6
What is the value of 19 + 3 + 0 + -13?
9
What is the value of 15 - (-15 + 8 + 5 + 0 + 3)?
14
Evaluate -36 - (0 + -2) - (265 - 266).
-33
Calculate (2 - 3 - -8) + -2 + 0 + -2.
3
What is the value of -14 + 8 + 6 + -7 + -7?
-14
Evaluate -9 + -17 + 9 + 11.
-6
What is the value of -31 + 21 - -28 - 24?
-6
What is 16 + (12 + (11 - 12) - 60)?
-33
Calculate (11 - (6 - 6)) + (-4 - 1).
6
(11 + -17 + 2 - -2) + -8 + 0
-10
What is the value of (2 + 0 - 1) + (-4 - (94 + -115))?
18
Evaluate -13 + 10 + -4 + (2 - 0 - -1).
-4
What is the value of -24 - (4 + -12 + 9 - 2)?
-23
What is the value of (13 - 19) + (0 - 8) + -1?
-15
-10 + (-25 - -26 - (-3 + 9))
-15
What is 12 + (-22 - -10) + -6 + -1?
-7
Evaluate 1 + 10 + -8 + 8 - 2 - 6.
3
What is the value of 7 - (15 - (14 + -14 - 19))?
-27
2 + 18 + 4 + (-1 - 10)
13
Calculate -12 - -1 - (86 - 92).
-5
-7 + 8 - (-30 + 24)
7
What is -3 + 25 - (34 + -17)?
5
What is (4 - 6) + (-18 - -11)?
-9
Evaluate 1 + 2 - ((2 - -1) + -4).
4
Evaluate -19 + (3 - 34 - -23) + (2 - -14).
-11
What is the value of -9 - (21 + 5 + -9 + -7)?
-19
What is (0 - -4) + -6 + 1 - -11 - 6?
4
7 + -6 + -1 + 9 - 11
-2
Evaluate -5 + -16 - -16 - (-2 - (3 + -3)).
-3
What is 5 + -11 - (2 - 9) - (-10 - -8)?
3
What is (113 - 103) + -4 + -1?
5
22 + (-13 - 4) + -11
-6
What is 4 + (-21 - -10 - (-1 - (4 + 6)))?
4
15 + 13 + (28 - 40)
16
Evaluate -6 + (1 - -2) + 4.
1
What is the value of 5 + 18 + (-11 - 13)?
-1
Evaluate 2 - (-4 - (-11 - -7)).
2
Evaluate 0 + (6 - -8 - 3).
11
Calculate -4 + -16 + 14 + (1 - 3).
-8
What is 12 + 1 + (-59 + 23 - -39)?
16
What is the value of 514 - 514 - (2 - (-1 + -3 - 1))?
-7
What is the value of 1 - 4 - (23 + (19 + -13 - 17))?
-15
Evaluate (6 - 1) + (-11 + 5 + 6 - 0).
5
Calculate -9 + -82 + 89 + (0 - 5).
-7
Evaluate 11 + -4 + 0 + (7 - (8 - -27)).
-21
What is -26 + (1 - (-42 + 23))?
-6
What is -103 + 97 - (1 - (13 + 1)) - 2?
5
What is (56 - 51 - (0 - (-2 + 1))) + -13?
-9
Calculate 10 - (9 + -3 - (8 + -7 + 4)).
9
What is the value of 11 - (19 - 15) - -15?
22
Calculate -116 - -134 - (-3 - -4).
17
Evaluate -8 + -10 - (1 - 8) - (-2 - -4).
-13
What is the value of 6 + 2 + -7 - 4 - (-2 + -2)?
1
Calculate -15 + 0 + -228 + 252.
9
-5 + (3 - -2 - 4 - 6)
-10
-13 + 10 + -17 - -23
3
What is -9 + (-25 - (0 - 2 - 6)) - -8?
-18
(-2 - -1 - -2) + -4 - (-12 + 14)
-5
Calculate (10 - -1) + -10 + 34 + -17.
18
5 + -42 + 23 + 38
24
Calculate 3 - (30 - 30) - (-7 + -1).
11
Evaluate -8 - (-130 - -131 - (1 - 12)).
-20
17 - (-23 + 8 + 44)
-12
What is -12 - (4 - 7) - (39 + -44)?
-4
What is 7 + -2 + -7 + (3 - (-4 + -1))?
6
Calculate -2 + -4 + -1 + 16 - (10 - -2).
-3
What is -16 + 5 + -6 - -7 - -33?
23
Evaluate -1 + 3 + -18 + -13 + 22.
-7
Calculate -6 + (13 - (2 - 0)) + (-20 - -15).
0
Evaluate -1 - -17 - (3 + 13).
0
What is the value of 0 + (4 - (-8 - -3)) + -27 + 3?
-15
What is 3 + -13 + 3 - ((0 - 23) + 2)?
14
Calculate 3 + -2 + 1 + (-16 + 53 - -2).
41
What is the value of -6 - ((15 - (15 - 8)) + -8)?
-6
Calculate 20 - (23 + -30 + 15).
12
Calculate 11 - 1 - (-16 + -27 - -53).
0
Calculate (-2 - -1) + (-6 + (-4 - -10) - -5).
4
What is 36 + -20 + -27 + -9 + 36?
16
12 - (-3 - -22) - -17
10
What is -22 + 7 - ((-63 - -27) + 10)?
11
What is the value of 7 - (7 + 4 + -16) - (2 - 1)?
11
Calculate (-19 - (-42 + 19)) + (-3 - -1) + 12.
14
Calculate -5 + (5 - 1) + (-17 - -15).
-3
Calculate -25 + 27 - (1 - 5 - -13).
-7
-3 + -5 - (-1 - (3 + -5))
-9
Calculate -11 + 6 + 10 + (-6 - 3).
-4
What is -6 + 0 + -4 + (6 - 4) + -3?
-11
What is the value of 27 + -31 + 9 + (-1 - -5) + -2?
7
Evaluate 1 + -3 + (35 - 26).
7
What is the value of -8 - (-8 + 24 - 36)?
12
What is 7 - -1 - -1 - (196 - 193)?
6
What is the value of -72 + 73 - (0 - 6) - (-3 + -1)?
11
Evaluate 17 - 9 - ((-5 - -4) + 1).
8
Evaluate 12 + (-22 - (31 + -62)).
21
Calculate (0 - 14) + 14 + 3 + 6 + -2.
7
(99 - 94) + -1 + -2
2
Calculate 4 + 1 + (-64 - -54) - (-2 - 1).
-2
Evaluate (-7 - 17 - 3) + (-21 + 18 - 0).
-30
What is -11 - (6 - 1 - 14)?
-2
What is the value of 15 + (2 - 37) - -8?
-12
What is the value of (4 - 1 - 6) + (4 - -1)?
2
What is the value of (-102 - -117) + -3 + -11?
1
What is the value of -2 + (23 - 4) + -20 - -9?
6
What is the value of 18 + (-13 - 0) + -25?
-20
Evaluate -10 - (-60 + 46) - (1 - -22).
-19
5 + 2 + -7 - (3 + -1) - 3
-5
Evaluate -3 - 14 - (16 - (9 - -5)).
-19
Calculate -11 + (-20 - (30 - 54)).
-7
Evaluate 2 - (12 - (8 - (2 + 0)) - 12).
8
What is the value of 1 + -2 + -2 + (-13 - 8)?
-24
(-4 - (-13 - (0 - -3))) + -7 - -1
6
What is (-2 - 2) + 8 + (13 + -17 - -13)?
13
What is the value of -44 - -34 - (2 + -3 - 1)?
-8
What is (-2 - ((2 - -2) + -9)) + 5 + 3?
11
(13 - -11) + -16 + -8
0
Evaluate -51 + 6 + 39 - (2 - -1 - 1).
-8
Calculate -3 + (-2 - (-1 + -1)) + -5 + 3.
-5
1472 + -1471 - (-11 + -1 + 2)
11
Calculate 19 + -32 + -4 - (-6 - 3).
-8
What is (-1 - (-17 - 1)) + (-14 + -3 - -12)?
12
What is the value of (27 + -34 - -16) + 0 + -8?
1
What is the value of 2 + 1 - ((7 - 1) + -22)?
19
70 + -24 + -29 + 6
23
Evaluate 26 - 12 - (-10 - -14).
10
Calculate (14 - 12) + (-1 - -9) - (-313 + 289).
34
Evaluate 14 + (-24 - 38) + 35.
-13
Calculate -8 + 22 + (22 - 29).
7
Calculate -18 - (-1 + -3) - (-12 + 20).
-22
What is the value of 3 - 25 - (-87 + 60)?
5
What is -4 - (28 + (5 - 1) + (-1 - 7))?
-28
-4 - (7 - (9 + (-13 - -14)))
-1
What is (-11 + -2 - 12) + 14?
-11
Evaluate (-8 - (-9 - -1)) + -9 + -10.
-19
What is -2 + 0 + (-23 - -32) + 5?
12
What is the value of 770 + -760 - (0 - 0)?
10
Evaluate -5 + 6 + -1 + 1 + -8.
-7
What is (6 - 5) + -8 + 9 - -6?
8
Calculate -270 + 262 + 1 + 14 + -2.
5
Evaluate -32 + (3 + -2 - -3 - 1) + 3.
-26
Evaluate 5 - (15 - (35 + -5)).
20
Calculate -13 - ((1 - (7 - 1)) + -58 + 65).
-15
Calculate 167 + -183 - (-1 + 20).
-35
-40 + (-26 - -10) + 10 + 15
-31
What is 0 + 0 - (-315 - -332)?
-17
14 + -21 + -5 - (-1 + -27)
16
(-5 - (-13 + 2)) + -5 + -8
-7
Evaluate (-11 + 5 - -31) + -12 - -7.
20
(1 - 1 - -3) + (-901 - -896)
-2
What is 8 + 4 - (-7 + 18)?
1
What is 1 - (-2 + 3 + 5) - (0 - 1)?
-4
What is the value of 5 + -1 + -7 + 19 + -2 + 7?
21
(-4 - -3) + 5 + -7 + 1 + 0
-2
What is the value of -4 + (14 - 25 - -14)?
-1
(-6 - -15) + -9 - (-1 - -3) - 7
-9
What is -1 + (-22 + 34 - 33)?
-22
Calculate 1 - ((12 - 13) + 17).
-15
What is 5 + (-5 - (6 + -4) - -3)?
1
What is the value of 11 + (1 + -23 + -8 - -3)?
-16
(9 + 0 - (33 - (-23 + 37))) + 31
21
Evaluate (101 - 35) + -30 + -72.
-36
Calculate -40 + -6 - 12 - -32.
-26
Evaluate 928 - 929 - (1 - (-1 - -2)).
-1
What is the value of -12 + (-29 - (8 - 34))?
-15
What is the value of 25 - (5 + 6) - (23 + -2)?
-7
What is the value of (7 - (4 - -16)) + (16 - 28)?
-25
Evaluate -13 - (-6 + -5 + -34).
32
What is the value of 44 + -49 + (39 - 25)?
9
Calculate (4 + -7 - -12) + 9 + -13.
5
Evaluate -102 - -94 - (-39 + 3).
28
Calculate (18 - 52) + 10 - -25.
1
Calculate (-3 - (-5 + 4)) + (62 - 51).
9
(-5 - -10) + 2 + -3 - 11
-7
Evaluate 10 + 1 + (24 - 27) - (-1 - -4).
5
Evaluate 0 - ((6 - 7) + 0 + -6) - 6.
1
Calculate 4 + 13 + -6 - (5 - -36).
-30
(6 - -2) + (141 - 166)
-17
Evaluate (2 - (0 + -4) - 